t z(s) = -16*s**2 + 7146*s - 2911. Determine z(446).
1549
Let s(a) = a**2 - 336*a + 6513. Determine s(20).
193
Let i(a) = 490*a - 97052. Give i(198).
-32
Let y(j) = 12*j**2 + 782*j + 703. Determine y(-65).
573
Let h(d) = -1486*d + 9543. Determine h(6).
627
Let d(k) = 3*k**2 + 585*k - 80392. What is d(93)?
-40
Let y(i) = -i**2 + 476*i - 6023. Give y(13).
-4
Let m(r) = -3091*r - 105111. What is m(-34)?
-17
Let y(u) = 166*u + 3679. Calculate y(-28).
-969
Let h(n) = -489*n - 108100. Give h(-221).
-31
Let i(q) = -q**2 + 73*q - 2356. Calculate i(47).
-1134
Let f(l) = 10*l**2 + 11*l - 190. Determine f(6).
236
Let v(d) = 3*d**3 - 13*d**2 + 24*d + 73. Give v(8).
969
Let z(f) = f**3 - 37*f**2 - 20681*f + 83255. What is z(4)?
3
Let h(i) = 1659*i + 62897. What is h(-38)?
-145
Let w(p) = -2*p**2 - 2969*p + 447812. Calculate w(138).
2
Let y(b) = -b**2 - 16380*b - 555755. Determine y(-34).
9
Let d(j) = j**3 + 16*j**2 + 53*j + 215. Give d(-5).
225
Let k(h) = 9*h**2 - 20*h - 120. Determine k(7).
181
Let u(x) = -x**3 + 426*x**2 + 99784*x - 1338. Give u(-168).
6
Let b(k) = k**3 + 1263*k**2 + 26082*k + 163. Calculate b(-21).
163
Let n(s) = -s**3 + 454*s**2 + 5061*s - 587. Give n(-11).
7
Let u(t) = -904*t**2 + 10851*t + 75. Determine u(12).
111
Let b(s) = s**2 - 5750*s + 40204. Calculate b(7).
3
Let v(s) = 9317*s - 204976. Calculate v(22).
-2
Let v(m) = 3*m**2 - 173*m + 1692. Give v(40).
-428
Let q(h) = -2*h**2 - 481*h - 8014. Give q(-18).
-4
Let a(i) = 382567*i - 1913039. What is a(5)?
-204
Let k(f) = 2*f**3 - 531*f**2 - 16750*f - 2330. Give k(294).
22
Let c(q) = -100563*q - 4022511. Give c(-40).
9
Let q(g) = -171*g**2 - 49249*g - 315. Give q(-288).
-27
Let d(x) = 1199198*x - 10792789. Determine d(9).
-7
Let n(w) = 2*w**3 + 5*w**2 + 290*w + 1178. Calculate n(-5).
-397
Let h(b) = -13702*b - 13710. Calculate h(-1).
-8
Let h(j) = -279235*j - 31832778. Calculate h(-114).
12
Let x(l) = l**3 - 348*l**2 + 4421*l + 85176. Determine x(334).
6
Let h(r) = -r**3 - 56*r**2 - 47*r + 92. Calculate h(-55).
-348
Let h(v) = -3*v**2 - 7037*v - 35126. What is h(-5)?
-16
Let c(l) = -l**3 + 426*l**2 + 5*l - 2153. Calculate c(426).
-23
Let v(q) = q**2 + 460*q - 87112. What is v(144)?
-136
Let d(p) = 17*p**2 - 896*p + 1484. Give d(51).
5
Let x(t) = -6*t**3 + 1450*t**2 - 9869*t + 13. Give x(7).
-78
Let k(u) = -26*u**2 - 309*u + 2885. What is k(9)?
-2002
Let y(l) = -2*l**3 + 18*l**2 - 41*l + 6. Determine y(4).
2
Let f(n) = 127213*n + 508850. Give f(-4).
-2
Let a(j) = 4*j**2 - 84*j - 329. What is a(19)?
-481
Let g(q) = q**2 + 235*q + 5390. Calculate g(-24).
326
Let c(a) = -2*a**2 + 134*a - 316. Determine c(65).
-56
Let b(z) = -2*z**3 - 53*z**2 - 268*z - 1524. What is b(-22)?
16
Let v(o) = -o**3 + 252*o**2 - 2884*o + 93. What is v(12)?
45
Let w(m) = -93*m - 1508. Calculate w(-14).
-206
Let v(z) = 51*z**2 - 1261*z - 75285. What is v(-28)?
7
Let t(m) = -m**2 + 298391*m + 16713029. Calculate t(-56).
-3
Let t(g) = 758*g + 263778. Give t(-348).
-6
Let d(c) = 272*c - 17098. Calculate d(60).
-778
Let k(w) = -w**3 + 25*w**2 - 400*w + 9211. Calculate k(24).
187
Let v(y) = y**3 - 22*y**2 + 72*y - 34. Calculate v(17).
-255
Let v(n) = -476*n - 353217. What is v(-742)?
-25
Let b(u) = -u**3 + 111*u**2 + 2151*u - 30. What is b(-17)?
395
Let k(v) = 182622*v - 2008847. Give k(11).
-5
Let q(l) = 15730*l - 15918755. What is q(1012)?
5
Let m(d) = -d**3 + 666*d + 235. Calculate m(26).
-25
Let f(t) = -3*t**3 + 335*t**2 - 222*t - 40. What is f(111)?
-40
Let t(n) = 8*n**2 + 1492*n + 4496. Determine t(-3).
92
Let z(l) = 8629*l + 1432493. Determine z(-166).
79
Let v(l) = l**2 - 32001*l + 4016260. Give v(126).
10
Let f(x) = 4595*x + 735202. Give f(-160).
2
Let v(f) = -91870*f + 7533335. What is v(82)?
-5
Let t(o) = -o**3 + 1416*o**2 - 23753*o - 501. Give t(17).
9
Let r(b) = -2846*b - 14241. Give r(-5).
-11
Let t(h) = -123*h**3 + 1229*h**2 + 14*h - 57. Determine t(10).
-17
Let q(w) = 5*w**2 + 1771*w + 44177. What is q(-27)?
5
Let q(k) = -51*k**3 - 2397*k**2 + 3*k + 147. What is q(-47)?
6
Let f(y) = -43*y**2 - 2662*y - 25598. Calculate f(-50).
2
Let y(q) = -25*q**2 - 3608*q - 28736. Give y(-8).
-1472
Let f(m) = -900*m + 627. Determine f(2).
-1173
Let q(y) = -4255*y - 140423. What is q(-33)?
-8
Let f(j) = 3*j**3 - 24*j**2 - 28*j + 67. Give f(9).
58
Let m(r) = r**3 + 110*r**2 - r - 462. Give m(-110).
-352
Let s(n) = 2*n**2 - 342*n + 6570. Give s(25).
-730
Let h(y) = -33*y**2 - 132*y - 34. Determine h(-4).
-34
Let m(z) = z**3 - z**2 - 45*z - 75. Calculate m(-4).
25
Let l(c) = 4380*c - 5061. What is l(1)?
-681
Let g(c) = 331*c**2 - 2513*c + 82. Calculate g(9).
4276
Let b(q) = 35*q**2 - 503*q + 870. Calculate b(12).
-126
Let j(g) = -g**2 - 6301*g - 56683. Calculate j(-9).
-55
Let o(q) = 3006*q - 45122. Give o(15).
-32
Let s(m) = 10*m**2 + 11202*m - 656214. Determine s(-1176).
-6
Let d(j) = -719*j**2 - 5679*j - 8185. What is d(-6)?
5
Let g(h) = -2098*h**2 - 1182*h + 1181. Give g(1).
-2099
Let q(b) = -5*b**2 + 179593*b + 1437052. What is q(-8)?
-12
Let i(n) = n**3 - 25*n**2 + 131*n + 3. Calculate i(23).
1958
Let x(l) = 3*l**3 + 9*l**2 - 75*l - 243. What is x(-3)?
-18
Let j(m) = 1097*m + 534316. What is j(-487)?
77
Let h(b) = -b**3 - 95*b**2 + 31*b - 5581. Calculate h(-96).
659
Let k(y) = 4*y**3 - 6085*y**2 + 6149*y - 63. Calculate k(1).
5
Let f(v) = -v**2 - 1133*v + 387198. Give f(275).
-2
Let j(o) = -o**3 + 229*o**2 - 4554*o + 3902. What is j(21)?
-4
Let f(i) = -9*i**2 - 119*i + 435. Give f(-16).
35
Let k(p) = -11*p**3 + 333*p**2 - 62*p - 236. Give k(30).
604
Let y(q) = 175*q**2 - 63760*q + 21845. Calculate y(364).
5
Let n(s) = s**3 - 160*s**2 - 140*s - 3379. Calculate n(161).
2
Let t(g) = 14450*g - 86612. Determine t(6).
88
Let v(u) = 2*u**3 + 14*u**2 + 11*u - 8. Determine v(-1).
-7
Let a(u) = -13*u**2 - 1988*u + 175. Determine a(-153).
22
Let d(o) = o**3 - 96*o**2 - 329*o + 1538. What is d(99)?
-1630
Let k(h) = -246562*h + 739687. Calculate k(3).
1
Let r(c) = -556*c + 54481. Calculate r(98).
-7
Let g(m) = 85*m**2 - 1855*m - 225. What is g(22)?
105
Let r(x) = 2248*x - 22455. Determine r(10).
25
Let j(s) = -15*s**2 - 420*s + 887. What is j(-30)?
-13
Let q(s) = s**3 - 70*s**2 + 73*s - 2610. Calculate q(70).
2500
Let n(x) = -23*x**2 + 67*x - 101. Calculate n(7).
-759
Let r(z) = -5*z**3 - 30*z**2 + 149*z + 596. Calculate r(-4).
-160
Let j(v) = 325*v - 12709. What is j(38)?
-359
Let v(u) = 5*u**3 + 1901*u**2 + 6031*u - 372. Give v(-377).
5
Let m(a) = -666*a - 15959. Determine m(-24).
25
Let c(v) = -v**2 + 182025*v - 1456194. Calculate c(8).
-58
Let r(q) = 1144*q - 14812. Calculate r(13).
60
Let n(t) = -2*t**2 - 601892*t + 5417194. Give n(9).
4
Let h(b) = -735*b**3 + 3*b**2 + 9*b + 1. Determine h(1).
-722
Let c(f) = -f**3 - 156*f**2 - 259*f + 7550. What is c(-154)?
4
Let f(s) = 6*s**3 - 91*s**2 - 2093*s + 31614. What is f(15)?
-6
Let f(j) = -6423*j - 950613. Determine f(-148).
-9
Let c(s) = 2*s**3 + 1775*s**2 - 4409*s + 36487. What is c(-890)?
-3
Let d(k) = 891*k + 71287. Determine d(-80).
7
Let r(p) = 4037*p + 129183. Give r(-32).
-1
Let o(y) = -94464*y - 377845. Determine o(-4).
11
Let p(n) = 5*n**3 - 21*n**2 + 104*n + 14. Give p(9).
2894
Let z(s) = s**3 - 168*s**2 + 1279*s - 20. What is z(160)?
-180
Let p(o) = o**3 + 27*o**2 + 117*o + 18. Determine p(-9).
423
Let h(k) = -1623*k + 24. Give h(0).
24
Let a(u) = -20*u**2 - 117*u - 44. Calculate a(4).
-832
Let k(h) = -2*h**3 + 25*h**2 + 110*h - 111. Calculate k(16).
-143
Let a(t) = -5192*t - 88398. Give a(-17).
-134
Let p(o) = -1510*o + 199330. Determine p(132).
10
Let y(p) = 3*p**3 + 10*p**2 - 2*p + 125. What is y(-5)?
10
Let c(x) = -233*x**2 + 6038*x + 29. Calculate c(26).
-491
Let p(u) = 169*u**2 - 2805*u + 4034. Calculate p(15).
-16
Let x(y) = -y**2 - 2692*y + 706846. Determine x(241).
-7
Let o(v) = -1139*v - 48292. Determine o(-43).
685
Let g(j) = 4436*j - 109729. Give g(25).
1171
Let t(n) = 4*n**2 + 17049*n + 842453. Determine t(-50).
3
Let m(n) = -419*n**2 - 150892*n - 18725. What is m(-360)?
-5
Let d(l) = -2*l**3 - 38*l**2 - 3*l - 6. Give d(-20).
854
Let r(l) = 8*l**3 + 2194*l**2 + 2729*l - 316. What is r(-273)?
-43
Let q(k) = 47*k**3 + 1149*k - 2294. Give q(2).
380
Let l(r) = 2115*r - 858696. Calculate l(406).
-6
Let r(t) = -t**2 + 176*t + 4945. Calculate r(-25).
-80
